e factors of 176181?
3, 58727
List the prime factors of 769461.
3, 7, 11, 3331
What are the prime factors of 7514799?
3, 17, 29, 5081
What are the prime factors of 1495952?
2, 93497
What are the prime factors of 836?
2, 11, 19
What are the prime factors of 2064242?
2, 17, 109, 557
What are the prime factors of 8487693?
3, 314359
What are the prime factors of 411280?
2, 5, 53, 97
What are the prime factors of 311166?
2, 3, 59, 293
What are the prime factors of 452551?
11, 41141
List the prime factors of 11166732.
2, 3, 310187
What are the prime factors of 4476137?
4476137
What are the prime factors of 2299861?
1321, 1741
What are the prime factors of 8245883?
8245883
What are the prime factors of 972002?
2, 19, 25579
What are the prime factors of 1110225?
3, 5, 113, 131
What are the prime factors of 16091357?
16091357
List the prime factors of 534610.
2, 5, 193, 277
What are the prime factors of 481588?
2, 120397
List the prime factors of 2331838.
2, 1165919
List the prime factors of 7825493.
13, 601961
List the prime factors of 4874175.
3, 5, 29, 83
What are the prime factors of 858459?
3, 7, 40879
List the prime factors of 672905.
5, 134581
What are the prime factors of 21206350?
2, 5, 11, 38557
What are the prime factors of 213085?
5, 19, 2243
What are the prime factors of 14395205?
5, 11, 227, 1153
List the prime factors of 3242770.
2, 5, 23, 613
What are the prime factors of 1819441?
13, 173, 809
What are the prime factors of 2565501?
3, 101, 8467
List the prime factors of 116879.
7, 59, 283
What are the prime factors of 418112?
2, 47, 139
List the prime factors of 205382.
2, 103, 997
What are the prime factors of 3929188?
2, 31, 31687
List the prime factors of 16361.
16361
List the prime factors of 2825932.
2, 131, 5393
What are the prime factors of 2191679?
7, 73, 4289
List the prime factors of 591116.
2, 147779
List the prime factors of 28940454.
2, 3, 1093, 1471
What are the prime factors of 4040410?
2, 5, 11, 23, 1597
What are the prime factors of 579161?
11, 37, 1423
List the prime factors of 209486.
2, 104743
What are the prime factors of 125592?
2, 3, 5233
List the prime factors of 7619681.
157, 48533
List the prime factors of 672408.
2, 3, 11, 283
What are the prime factors of 3385437?
3, 11, 173, 593
What are the prime factors of 2711474?
2, 89, 15233
List the prime factors of 21877235.
5, 4375447
List the prime factors of 471029.
13, 19, 1907
List the prime factors of 8885001.
3, 2961667
List the prime factors of 204477.
3, 7, 13, 107
List the prime factors of 365068.
2, 11, 8297
What are the prime factors of 2759742?
2, 3, 153319
List the prime factors of 201536.
2, 47, 67
List the prime factors of 3186067.
149, 21383
What are the prime factors of 202930?
2, 5, 7, 13, 223
List the prime factors of 54679.
54679
List the prime factors of 2483330.
2, 5, 103, 2411
What are the prime factors of 28273933?
67, 479, 881
List the prime factors of 2673645.
3, 5, 13, 13711
List the prime factors of 155874.
2, 3, 83, 313
What are the prime factors of 441992?
2, 55249
What are the prime factors of 7127760?
2, 3, 5, 17, 1747
List the prime factors of 738952.
2, 92369
What are the prime factors of 11032300?
2, 5, 110323
What are the prime factors of 1006140?
2, 3, 5, 41, 409
What are the prime factors of 8667105?
3, 5, 577807
List the prime factors of 3024862.
2, 1512431
List the prime factors of 1458383.
19, 76757
List the prime factors of 635217.
3, 11, 19249
List the prime factors of 4343716.
2, 13, 103, 811
What are the prime factors of 215181?
3, 23909
List the prime factors of 14482945.
5, 277, 10457
What are the prime factors of 1352325?
3, 5, 13, 19, 73
What are the prime factors of 13269477?
3, 13, 113, 3011
What are the prime factors of 1033485?
3, 5, 68899
List the prime factors of 7643994.
2, 3, 29, 197, 223
List the prime factors of 243925.
5, 11, 887
List the prime factors of 6643606.
2, 829, 4007
What are the prime factors of 1658317?
53, 67, 467
What are the prime factors of 27975384?
2, 3, 101, 3847
List the prime factors of 1491852.
2, 3, 17, 71, 103
List the prime factors of 13148425.
5, 525937
What are the prime factors of 40158?
2, 3, 23, 97
List the prime factors of 2977547.
19, 67, 2339
List the prime factors of 3868947.
3, 53, 8111
What are the prime factors of 2064489?
3, 7, 37, 2657
List the prime factors of 4643078.
2, 11, 211049
List the prime factors of 2900502.
2, 3, 11, 19, 257
What are the prime factors of 2606261?
7, 53189
What are the prime factors of 305653?
19, 16087
List the prime factors of 220039.
19, 37, 313
List the prime factors of 2963795.
5, 592759
What are the prime factors of 2213983?
2213983
What are the prime factors of 26449476?
2, 3, 101, 139, 157
List the prime factors of 1379818.
2, 11, 19, 3301
List the prime factors of 477663.
3, 89, 1789
What are the prime factors of 304640?
2, 5, 7, 17
What are the prime factors of 265708?
2, 181, 367
List the prime factors of 4635388.
2, 1158847
List the prime factors of 435275.
5, 23, 757
List the prime factors of 135825.
3, 5, 1811
What are the prime factors of 22947?
3, 7649
What are the prime factors of 842043?
3, 280681
List the prime factors of 855641.
855641
What are the prime factors of 9875265?
3, 5, 658351
What are the prime factors of 1146288?
2, 3, 11, 13, 167
List the prime factors of 3421396.
2, 11, 7069
What are the prime factors of 8090166?
2, 3, 7, 71, 2713
What are the prime factors of 1919483?
67, 28649
What are the prime factors of 1194788?
2, 7, 71, 601
List the prime factors of 1354664.
2, 313, 541
List the prime factors of 292642.
2, 7, 20903
What are the prime factors of 35104606?
2, 137, 128119
What are the prime factors of 20705323?
20705323
List the prime factors of 241973.
241973
List the prime factors of 658679.
7, 73, 1289
List the prime factors of 6302947.
7, 29, 61, 509
What are the prime factors of 165881?
31, 5351
List the prime factors of 71596.
2, 7, 2557
List the prime factors of 1611174.
2, 3, 268529
List the prime factors of 10693668.
2, 3, 97, 9187
What are the prime factors of 672921?
3, 24923
What are the prime factors of 366995?
5, 29, 2531
List the prime factors of 1670889.
3, 11, 4603
What are the prime factors of 19443457?
11, 149, 11863
List the prime factors of 5114690.
2, 5, 7, 31, 2357
What are the prime factors of 298033?
29, 43, 239
What are the prime factors of 33028428?
2, 3, 199, 13831
List the prime factors of 5403554.
2, 13, 37, 41, 137
What are the prime factors of 111730?
2, 5, 11173
List the prime factors of 3245192.
2, 227, 1787
What are the prime factors of 1478174?
2, 739087
List the prime factors of 650194.
2, 31, 10487
What are the prime factors of 874729?
874729
What are the prime factors of 277579?
277579
What are the prime factors of 13076150?
2, 5, 261523
List the prime factors of 5427581.
809, 6709
What are the prime factors of 7264199?
31, 7559
What are the prime factors of 33927?
3, 43, 263
List the prime factors of 1349010.
2, 3, 5, 13, 1153
List the prime factors of 196910.
2, 5, 7, 29, 97
List the prime factors of 5206034.
2, 67, 38851
List the prime factors of 29181886.
2, 14590943
List the prime factors of 502931.
11, 13, 3517
List the prime factors of 18170046.
2, 3, 23, 43889
List the prime factors of 7230013.
7, 19, 54361
List the prime factors of 6737742.
2, 3, 11, 19, 199
List the prime factors of 19850153.
971, 20443
List the prime factors of 20582281.
3119, 6599
List the prime factors of 1495277.
7, 213611
List the prime factors of 530915.
5, 7, 11, 197
What are the prime factors of 7063995?
3, 5, 470933
What are the prime factors of 180393?
3, 157, 383
List the prime factors of 562765.
5, 7, 2297
List the prime factors of 498292.
2, 347, 359
List the prime factors of 1509739.
7, 11, 2801
What are the prime factors of 10411904?
2, 81343
What are the prime factors of 9401924?
2, 7, 47969
List the prime factors of 1837513.
17, 108089
List the prime factors of 12073989.
3, 509, 7907
List the prime factors of 2650850.
2, 5, 53017
List the prime factors of 51766.
2, 11, 13, 181
List the prime factors of 1163388.
2, 3, 67, 1447
What are the prime factors of 11607272?
2, 23, 199, 317
List the prime factors of 3389340.
2, 3, 5, 56489
List the prime factors of 4255189.
1063,